.
26
What is -1 (base 15) in base 2?
-1
0 (base 9) to base 11
0
-100 (base 3) to base 15
-9
Convert 1200 (base 3) to base 15.
30
What is b4 (base 16) in base 12?
130
5 (base 11) to base 2
101
-161 (base 7) to base 8
-134
10 (base 2) to base 5
2
Convert 5 (base 7) to base 6.
5
Convert b (base 13) to base 9.
12
What is -5 (base 13) in base 11?
-5
Convert -2032 (base 5) to base 12.
-1a3
Convert 39 (base 12) to base 13.
36
Convert 4 (base 10) to base 15.
4
What is 111011 (base 2) in base 10?
59
7 (base 16) to base 14
7
Convert 1 (base 2) to base 10.
1
What is -21 (base 15) in base 12?
-27
-59 (base 11) to base 16
-40
-104 (base 7) to base 8
-65
-65 (base 9) to base 10
-59
Convert -115 (base 7) to base 4.
-331
31 (base 6) to base 11
18
Convert -14 (base 16) to base 4.
-110
Convert -3 (base 11) to base 3.
-10
What is -bb (base 15) in base 8?
-260
Convert 4 (base 16) to base 7.
4
What is -6 (base 10) in base 14?
-6
What is -17 (base 8) in base 16?
-f
Convert -17 (base 12) to base 13.
-16
-30 (base 4) to base 9
-13
What is -110 (base 2) in base 15?
-6
What is -100 (base 2) in base 11?
-4
2 (base 15) to base 6
2
Convert -302 (base 7) to base 10.
-149
Convert 12 (base 3) to base 6.
5
What is 21 (base 10) in base 7?
30
What is -31 (base 5) in base 4?
-100
What is -15 (base 16) in base 14?
-17
Convert 2 (base 16) to base 14.
2
What is -7 (base 13) in base 14?
-7
-3 (base 13) to base 6
-3
What is 3 (base 6) in base 10?
3
16 (base 8) to base 9
15
Convert -4c (base 16) to base 8.
-114
Convert 10101 (base 2) to base 14.
17
-1 (base 5) to base 10
-1
-111 (base 4) to base 10
-21
Convert -3 (base 12) to base 9.
-3
Convert -3 (base 9) to base 10.
-3
What is 202 (base 3) in base 4?
110
5 (base 14) to base 8
5
Convert -202 (base 3) to base 2.
-10100
1 (base 5) to base 6
1
123 (base 4) to base 3
1000
5 (base 7) to base 12
5
Convert 3 (base 15) to base 5.
3
What is 4 (base 13) in base 6?
4
What is -2210 (base 3) in base 4?
-1023
Convert -40 (base 16) to base 11.
-59
What is -11 (base 15) in base 13?
-13
Convert 8 (base 11) to base 10.
8
Convert 54 (base 7) to base 2.
100111
What is 2c (base 15) in base 6?
110
Convert 9 (base 16) to base 7.
12
Convert 100 (base 4) to base 16.
10
What is 1202 (base 3) in base 10?
47
What is 10 (base 6) in base 16?
6
What is 111 (base 4) in base 7?
30
What is 33 (base 5) in base 15?
13
72 (base 9) to base 15
45
Convert 0 (base 3) to base 9.
0
1 (base 12) to base 7
1
11101 (base 2) to base 9
32
Convert 140 (base 7) to base 12.
65
173 (base 11) to base 10
201
Convert -1 (base 12) to base 15.
-1
What is -15 (base 13) in base 7?
-24
6 (base 7) to base 9
6
-2 (base 7) to base 12
-2
What is -104 (base 14) in base 2?
-11001000
Convert -1201 (base 3) to base 9.
-51
What is -1000 (base 2) in base 15?
-8
Convert 1a0 (base 11) to base 12.
173
Convert 112 (base 6) to base 7.
62
30 (base 12) to base 8
44
What is -19 (base 12) in base 5?
-41
-103 (base 4) to base 13
-16
Convert -6 (base 7) to base 3.
-20
-20211 (base 3) to base 10
-184
What is 3 (base 7) in base 15?
3
-3223 (base 5) to base 10
-438
23 (base 8) to base 9
21
Convert -5 (base 7) to base 16.
-5
What is 6 (base 14) in base 6?
10
Convert -4 (base 14) to base 3.
-11
What is -423 (base 5) in base 15?
-78
What is 3 (base 12) in base 4?
3
Convert -36 (base 9) to base 2.
-100001
Convert -31 (base 11) to base 14.
-26
What is 48 (base 9) in base 2?
101100
-165 (base 7) to base 10
-96
Convert 3 (base 7) to base 10.
3
What is 536 (base 7) in base 6?
1132
-123 (base 4) to base 10
-27
What is -2 (base 8) in base 14?
-2
Convert 1101 (base 5) to base 6.
411
40 (base 5) to base 16
14
What is c (base 15) in base 7?
15
What is 5 (base 14) in base 13?
5
What is -10 (base 4) in base 2?
-100
1 (base 9) to base 16
1
What is -3 (base 7) in base 11?
-3
-4 (base 13) to base 5
-4
What is -130 (base 4) in base 16?
-1c
3 (base 10) to base 11
3
3 (base 13) to base 7
3
Convert -15 (base 12) to base 10.
-17
Convert 0 (base 11) to base 4.
0
4 (base 14) to base 3
11
What is -343 (base 6) in base 14?
-99
4 (base 5) to base 15
4
-3 (base 15) to base 2
-11
What is -52 (base 16) in base 10?
-82
What is -100 (base 2) in base 13?
-4
1040 (base 5) to base 12
101
Convert 13 (base 4) to base 15.
7
What is 3 (base 15) in base 7?
3
What is -22 (base 3) in base 2?
-1000
Convert -10100 (base 2) to base 4.
-110
What is -1 (base 5) in base 14?
-1
100 (base 3) to base 14
9
Convert 2 (base 5) to base 2.
10
What is -6 (base 15) in base 7?
-6
55 (base 12) to base 6
145
What is -3 (base 15) in base 11?
-3
What is 5 (base 7) in base 6?
5
Convert 1102 (base 4) to base 13.
64
-2 (base 3) to base 9
-2
What is -12 (base 3) in base 4?
-11
312 (base 4) to base 11
4a
What is 111 (base 6) in base 5?
133
What is -333 (base 6) in base 9?
-153
What is 301 (base 4) in base 9?
54
Convert 2100 (base 4) to base 10.
144
1 (base 2) to base 12
1
What is 1 (base 9) in base 12?
1
What is 1c (base 13) in base 12?
21
What is -327 (base 9) in base 3?
-100221
Convert 3 (base 14) to base 12.
3
Convert 240 (base 13) to base 9.
473
5 (base 12) to base 13
5
What is -3 (base 12) in base 2?
-11
What is -10 (base 12) in base 13?
-c
Convert -1 (base 9) to base 13.
-1
Convert 0 (base 12) to base 6.
0
263 (base 9) to base 10
219
Convert 7 (base 12) to base 13.
7
What is 2 (base 9) in base 7?
2
102 (base 7) to base 12
43
Convert -211 (base 3) to base 6.
-34
What is -1 (base 14) in base 2?
-1
73 (base 8) to base 10
59
What is 0 (base 12) in base 15?
0
What is 114 (base 14) in base 15?
e4
What is 3 (base 13) in base 16?
3
11 (base 10) to base 5
21
Convert -322 (base 6) to base 2.
-1111010
Convert -114 (base 6) to base 3.
-1201
Convert -11 (base 4) to base 5.
-10
What is 64 (base 11) in base 3?
2121
Convert 204 (base 10) to base 12.
150
What is -11010 (base 2) in base 16?
-1a
Convert -2 (base 5) to base 12.
-2
What is 3 (base 5) in base 16?
3
2 (base 5) to base 16
2
6 (base 10) to base 15
6
2 (base 5) to base 9
2
-31 (base 5) to base 3
-121
-15 (base 6) to base 4
-23
Convert -21 (base 5) to base 8.
-13
What is 0 (base 2) in base 14?
0
Convert -1 (base 12) to base 11.
-1
Convert 10 (base 2) to base 15.
2
Convert -b (base 16) to base 10.
-11
What is 2 (base 9) in base 8?
2
What is -7 (base 15) in base 16?
-7
Convert 5 (base 13) to base 7.
5
8 (base 16) to base 6
12
What is -51 (base 6) in base 14?
-23
What is -64 (base 10) in base 16?
-40
What is -152 (base 8) in base 15?
-71
What is -10 (base 5) in base 3?
-12
Convert 3 (base 16) to base 9.
3
149 (base 10) to base 8
225
8 (base 11) to base 6
12
-4 (base 16) to base 14
-4
-1002 (base 6) to base 13
-13a
Convert 175 (base 15) to base 4.
11033
What is -5 (base 16) in base 15?
-5
Convert 0 (base 7) to base 15.
0
Convert -20 (base 6) to base 4.
-30
Convert 204 (base 5) to base 15.
39
-3 (base 10) to base 9
-3
What is 111 (base 3) in base 7?
16
Convert 2 (base 13) to base 14.
2
1 (base 6) to base 13
1
-101010111 (base 2) to base 3
-110201
-5 (base 6) to base 4
-11
What is b (base 13) in base 6?
15
Convert -8 (base 11) to base 10.
-8
What is -4 (base 5) in base 7?
-4
Convert -5 (base 8) to base 14.
-5
-3 (base 5) to base 3
-10
What is -100 (base 2) in base 8?
-4
-f (base 16) to base 8
-17
What is -247 (base 9) in base 7?
-412
-10 (base 4) to base 9
-4
What is 3 (base 6) in base 13?
3
-34 (base 7) to base 11
-23
What is 9 (base 12) in base 9?
10
What is -10 (base 7) in base 12?
-7
Convert 10011 (base 2) to base 10.
19
14 (base 15) to base 4
103
What is 22 (base 5) in base 13?
c
1a5 (base 11) to base 14
12c
What is -11 (base 8) in base 3?
-100
What is -10011 (base 2) in base 3?
-201
What is -54 (base 11) in base 10?
-59
Convert 150 (base 6) to base 5.
231
Convert 13 (base 8) to base 7.
14
What is -125 (base 10) in base 16?
-7d
-11 (base 4) to base 15
-5
113 (base 7) to base 3
2012
What is -184 (base 9) in base 10?
-157
Convert -10011 (base 2) to base 14.
-15
154 (base 6) to base 10
70
What is -2b (base 13) in base 7?
-52
What is -3 (base 9) in base 2?
-11
Convert 2 (base 5) to base 13.
2
-10 (base 4) to base 16
-4
Convert -11 (base 2) to base 3.
-10
Convert -252 (base 6) to base 16.
-68
What is 2 (base 12) in base 16?
2
5 (base 7) to base 15
5
What is 17 (base 9) in base 4?
100
-330 (base 6) to base 16
-7e
Convert -106 (base 15) to b